 7674 = 0, -36*j = -39*j - 2*q + 4594. What is the remainder when j is divided by 29?
26
Let k = -3591 + 3752. What is the remainder when k is divided by 44?
29
Let x(r) = -r**2 - 71*r + 483. What is the remainder when x(-74) is divided by 4?
1
Let w(j) = j**3 - 3*j**2 + 3*j - 8. Let y be w(4). Let s be 1*-1*2*10/y. What is the remainder when -21 + 22 + s + 125 is divided by 18?
17
Let f = -385 + 455. Suppose 2*a - 32 = 2*c, 3*a + 4*c + 1 = f. What is the remainder when 36 is divided by a?
17
Suppose -4*r = r + 5*v - 3075, 3*r = -2*v + 1841. Let b = 795 - r. Let y = 93 + -56. Calculate the remainder when b is divided by y.
36
Let m be 1/(5 + (-3076)/616). Suppose 0 = -18*a + 25*a - m. Calculate the remainder when 56 is divided by a.
12
Let q(o) be the second derivative of -5*o**3/3 - 222*o**2 + 9*o - 17. What is the remainder when 94 is divided by q(-45)?
4
Let c(o) = 2*o**2 - 37*o + 202. Let b be 40/4 + (-4)/(-2). Let j = b + 0. What is the remainder when c(8) is divided by j?
10
Let d be (-2 - 3)*(-13 - -5). What is the remainder when (-6 - -2)*(-1690)/d is divided by 52?
13
Suppose -219 = -7*p + 446. Suppose -36*v + 31*v + p = 0. Calculate the remainder when 93 is divided by v.
17
Let c = -270 - -271. Calculate the remainder when 105 is divided by (-6)/8*c + (-172)/(-16).
5
Suppose 44 = -0*z - 4*z. Let p = z - -30. Calculate the remainder when (-68)/(-85) + 0 + 78/(-10) + 57 is divided by p.
12
Let f = 32 + -12. Let l(p) = -2*p + 46. Let i be l(f). What is the remainder when 54 is divided by (87/i - -3)*8/10?
12
Suppose 13*p - 21 = 5. Suppose -5*l = -4*o + 5*o - 391, 0 = 3*l + p*o - 236. Suppose 24 = -l*n + 80*n. Calculate the remainder when 35 is divided by n.
11
Let a = 301 + -200. Let n(k) = -53*k**3 + k**2 + 8*k + 3. Let d be n(-2). Let u = -398 + d. Calculate the remainder when a is divided by u.
16
Let a be 1*(-2 - 4)*5/(-10). Let d(v) = 3 + 6 + a*v**2 + 2 + v - 7*v. Calculate the remainder when 75 is divided by d(3).
15
Let q = -6321 - -6334. What is the remainder when 270 is divided by q?
10
Let i(q) be the third derivative of 2*q**5/15 - 67*q**4/24 - 19*q**3/6 - 18*q**2 + 3. What is the remainder when i(9) is divided by 15?
11
Suppose -134 = -21*l - 50. Suppose l*x = 4*v - 262 + 758, 4*x - 2*v = 496. What is the remainder when x is divided by 36?
16
Let c = -61 - -62. Suppose -k - 13 = -4*l, -c + 15 = 2*k + 2*l. Suppose -94 - 221 = -k*m. Calculate the remainder when m is divided by 36.
33
Suppose -4*x = 4*n - 704, 0 = -4*n + 7*n - 2*x - 503. Let y = n + 34. What is the remainder when y is divided by 23?
21
Let d = -17263 + 17346. What is the remainder when 1399 is divided by d?
71
Suppose 0 = -5*w - g, -w - 13*g = -17*g. Suppose 2*t = -w*t + 178. What is the remainder when t is divided by 18?
17
Let t be (-1)/((-3)/105) - -1. Suppose 3*s = 6 + t. What is the remainder when 61 is divided by (s/4 + -3)*62?
30
Calculate the remainder when (-110550)/(-90) + (-1)/3 is divided by 88.
84
Let v = 2118 - 2012. What is the remainder when v is divided by 45?
16
Let o = 28803 + -27958. Calculate the remainder when o is divided by 239.
128
Let x(t) = 9*t**2 - 69*t + 9. Calculate the remainder when x(-5) is divided by 84.
75
Let u be (5 - 33/6)*-1*26. Suppose 11*k - u*k + 564 = -v, -3*k + 2*v + 847 = 0. Calculate the remainder when k is divided by 94.
93
Suppose 4*v = 551*f - 554*f + 309, -4*f + 5*v + 319 = 0. Calculate the remainder when 3653 is divided by f.
13
Suppose -2*p = -l - 5, -3*p - 11*l + 15*l = -10. Let q(o) = 13*o + 9. What is the remainder when q(p) is divided by 5?
0
Let p(i) = 4*i**2 + 45*i - 627. What is the remainder when p(17) is divided by 108?
106
Let f(r) = -36*r + 1757. What is the remainder when 762 is divided by f(48)?
8
Let t = -146 + 171. Suppose 3*o - 2*y + 43 = 0, 4*y = 2*o - 0*y + 34. Let a(q) = q**3 + 12*q**2 - 17*q - 5. Calculate the remainder when a(o) is divided by t.
22
Suppose 50*j = 49*j - 31*j + 416. Calculate the remainder when 1529 is divided by j.
8
Suppose -4*z - 478 - 2062 = 0. Let k = 800 + z. Calculate the remainder when k is divided by 64.
37
Let x(y) = 3*y**3 - 23*y**2 - 10*y - 65. What is the remainder when x(15) is divided by 1573?
16
Let a(g) = -g - 8. Let f be a(-6). Calculate the remainder when (40 + -11)/(18/8 + f) is divided by 39.
38
Let w(d) = d**3 + 46*d**2 + 3*d + 165. Calculate the remainder when 421 is divided by w(-46).
16
Let q(f) = -2*f + 3*f - 13 + 312*f**2 - 311*f**2. What is the remainder when 50 is divided by q(4)?
1
Let r be -3 + -3*140/(-12). Suppose 0 = -4*x + 2*x + r. What is the remainder when ((-84)/63)/(8/(-366)) is divided by x?
13
Calculate the remainder when 1085 is divided by 169/(-26)*-2 - -48.
48
Suppose 3*j + 337 - 106 = 0. Let o = 429 + -542. Let g = j - o. What is the remainder when g is divided by 13?
10
Suppose -v + 27 = 6. Suppose 6*w - v = 21. Suppose w*c - 26 = 212. Calculate the remainder when c is divided by 18.
16
Suppose 0 = -20286*i + 20281*i + 40. What is the remainder when 4724 is divided by i?
4
Let q = 10708 + -10240. Calculate the remainder when q is divided by 9.
0
Let j be ((-49)/(-7))/(2/8). Suppose 7*w = 3*w + j. What is the remainder when w is divided by 4*3/(-18) + (-14)/(-3)?
3
Let d(b) = 4*b + 3*b - 16*b + 61 - 8*b + 238. What is the remainder when d(-21) is divided by 66?
62
Suppose -5*c = 1 - 1. Let l(n) = n - 2. Calculate the remainder when l(8) is divided by -1 + c + 0 + (7 - 2).
2
Suppose -6*g - 2*g = 0. Suppose 4*k + 2*h - 74 = g, -5*h + h + 12 = 0. Calculate the remainder when 119 is divided by ((-5)/6*2)/(k/(-306)).
29
Suppose -83*b - 17763 = -21166. What is the remainder when b is divided by 1*3 + (-2 - -3)?
1
Suppose -o + 4 = 0, 2*o - 86 = -2*x + 4. Let y = -150881 + 150887. What is the remainder when x is divided by y?
5
Let t(h) = -17*h - 11. Let v(y) = 9*y + 6. Let j(d) = 3*t(d) + 5*v(d). What is the remainder when 6/(-13 + (-270)/(-20)) is divided by j(-2)?
3
Let y be (20 + -3)/(-3*(-3)/9). Suppose 0 = -4*t - 3*g - y, 6*t - t + g + 13 = 0. Let p(f) = -11*f + 2. Calculate the remainder when 68 is divided by p(t).
20
Suppose 0 = -3*s - 2*s + 1025. Suppose 0 = 3*m - 8 - s. Let z = 12 + -4. What is the remainder when m is divided by z?
7
Let t = -9900 - -9989. Let y = -4 - -34. Calculate the remainder when t is divided by y.
29
Suppose 4*y + 18 = 2*a + 6*y, 4*y = a + 1. Suppose 12 = 8*m - a*m. Calculate the remainder when -2*(6/(-27) + 710/(-45)) is divided by m.
8
Let c = -45223 + 60433. What is the remainder when c is divided by 33?
30
Suppose -1239 = -29*o + 8*o + 14*o. Calculate the remainder when 3539 is divided by o.
176
Suppose 0*t + 5*t = r + 15, -t = -2*r + 15. Let d be (26/(-10))/((-2)/r). What is the remainder when 36 is divided by ((-10)/35 + 9/7)*d?
10
Suppose -31*s = -34*s + 27. Suppose 3*t + 10 - 3 = 5*x, 0 = 4*x + t - s. What is the remainder when 98/(-4)*(x + -4) is divided by 17?
15
Let q(i) = -i**2 + 3*i + 9. Let z be q(3). Suppose -1507 = -20*f + z*f. Calculate the remainder when f is divided by 47.
43
Suppose 0 = -5*w - 138*h + 141*h + 748, 0 = 3*w + 3*h - 468. Calculate the remainder when 304 is divided by w.
0
Let u = 8 - 15. Calculate the remainder when u*(-12)/224 + (-1669)/(-8) is divided by 30.
29
Let u(y) = -y**3 - 5*y**2 + 10*y - 33. Calculate the remainder when u(-10) is divided by 74.
71
Let q = -145 - -219. Suppose 9*u = -2*u + 275. Calculate the remainder when q is divided by u.
24
Suppose 3*u - 399 = -69. Let q be (3 - (-3 - 0) - 4)*1. Suppose -492 = q*j - 524. Calculate the remainder when u is divided by j.
14
Calculate the remainder when (-1 - -6 - 14) + 1965 is divided by 49.
45
Let a(b) = b**3 + 149*b**2 + 724*b + 620. What is the remainder when 3867 is divided by a(-144)?
39
Suppose -5*g = -89 - 191. Suppose 45*j = g*j - 2882. Calculate the remainder when j is divided by 22.
20
Suppose 3*t - 2*t = 131. Calculate the remainder when t is divided by (1*(-4)/(-16))/(5*(-19)/(-16720)).
43
Suppose 5*h - 190 = -4*y - 53, -127 = -4*y - 3*h. Calculate the remainder when 137 is divided by y.
25
Let v = 307 + -57. Let l = 338 - v. What is the remainder when l is divided by 46?
42
Let d = 15512 + -15141. What is the remainder when 1158 is divided by d?
45
Suppose -5*k + 901 = z, -4*k + 492 = -2*z - 2